{"id":1361,"date":"2023-12-21T14:28:06","date_gmt":"2023-12-21T17:28:06","guid":{"rendered":"https:\/\/brasillike.com.br\/sao-goncalo-do-sapucai\/?page_id=1361"},"modified":"2024-07-29T11:06:06","modified_gmt":"2024-07-29T14:06:06","slug":"telefonia-empresarial","status":"publish","type":"page","link":"https:\/\/brasillike.com.br\/sao-goncalo-do-sapucai\/telefonia-empresarial\/","title":{"rendered":"Telefonia Empresarial"},"content":{"rendered":"<section class=\"wpb-content-wrapper\"><p>[vc_row css_animation=&#8221;&#8221; row_type=&#8221;row&#8221; use_row_as_full_screen_section=&#8221;no&#8221; type=&#8221;full_width&#8221; angled_section=&#8221;no&#8221; text_align=&#8221;left&#8221; background_image_as_pattern=&#8221;without_pattern&#8221;][vc_column css=&#8221;.vc_custom_1683855227646{margin-top: -32px !important;}&#8221;][vc_raw_html]JTNDdmlkZW8lMjBhdXRvcGxheSUzRCUyMnRydWUlMjIlMjBsb29wJTNEJTIydHJ1ZSUyMiUyMG11dGVkJTNEJTIydHJ1ZSUyMiUyMHdpZHRoJTNEJTIyMTAwJTI1JTIyJTIwaGVpZ2h0JTNEJTIyMjUlMjUlMjIlMjBwbGF5c2lubGluZSUzRCUyMiUyMiUzRSUwQSUzQ3NvdXJjZSUyMHNyYyUzRCUyMmh0dHAlM0ElMkYlMkZicmFzaWxsaWtlLmNvbS5iciUyRmNhbXBhbmhhJTJGd3AtY29udGVudCUyRnVwbG9hZHMlMkZzaXRlcyUyRjclMkYyMDI0JTJGMDUlMkYxNzE1MDg3MDY4X2ZhMDRkY190ZWxlZm9uaWFfZW1wcmVzYXJpYWwubXA0JTIyJTIwdHlwZSUzRCUyMnZpZGVvJTJGbXA0JTIyJTNFJTBBJTNDJTJGdmlkZW8lM0U=[\/vc_raw_html][\/vc_column][\/vc_row][vc_row css_animation=&#8221;&#8221; row_type=&#8221;row&#8221; use_row_as_full_screen_section=&#8221;no&#8221; type=&#8221;full_width&#8221; angled_section=&#8221;no&#8221; text_align=&#8221;center&#8221; background_image_as_pattern=&#8221;without_pattern&#8221; z_index=&#8221;&#8221;][vc_column width=&#8221;1\/3&#8243;][\/vc_column][vc_column width=&#8221;1\/3&#8243; el_class=&#8221;coluna-planos&#8221; css=&#8221;.vc_custom_1676388423781{padding-right: 5% !important;padding-left: 5% !important;background-color: #ffffff !important;border-radius: 15px !important;}&#8221;][vc_column_text]<\/p>\n<h2 style=\"text-align: center;\"><strong><span style=\"color: #009c36;\">Liga\u00e7\u00e3o Ilimitada para fixo e m\u00f3vel<\/span><\/strong><\/h2>\n<h2 style=\"text-align: center; font-size: 20px;\"><strong><span style=\"color: #009c36;\">Para todo o Brasil<\/span><\/strong><\/h2>\n<p>[\/vc_column_text][vc_column_text]<\/p>\n<h4 style=\"text-align: center;\">R$<\/h4>\n<h3 style=\"text-align: center;\"><strong><span style=\"color: #009c36;\">109,90*<\/span><\/strong><\/h3>\n<p>[\/vc_column_text][vc_column_text]<\/p>\n<p style=\"text-align: center;\"><strong><span style=\"color: #a8aaad; font-size: 12px;\">*Promo\u00e7\u00e3o exclusiva para clientes que j\u00e1 possuam contratos conosco.*<\/span><\/strong><\/p>\n<p>[\/vc_column_text][vc_column_text]<\/p>\n<p style=\"text-align: center;\"><strong><span style=\"color: #a8aaad; font-size: 12px;\">*N\u00e3o clientes: R$129,99*<\/span><\/strong><\/p>\n<p>[\/vc_column_text][vc_empty_space]<a  itemprop=\"url\" href=\"https:\/\/brasillike.com.br\/sao-goncalo-do-sapucai\/assine-ja\/\" target=\"_self\"  class=\"qbutton  default\" style=\"\">Saiba Mais!<\/a>[vc_column_text]<\/p>\n<pre style=\"text-align: center; font-size: 10px;\"><strong><em>*Consulte condi\u00e7\u00f5es e viabilidade<\/em><\/strong><\/pre>\n<p>[\/vc_column_text][vc_empty_space][\/vc_column][vc_column width=&#8221;1\/3&#8243; el_class=&#8221;coluna-planos&#8221;][\/vc_column][\/vc_row][vc_row css_animation=&#8221;&#8221; row_type=&#8221;row&#8221; use_row_as_full_screen_section=&#8221;no&#8221; type=&#8221;full_width&#8221; angled_section=&#8221;no&#8221; text_align=&#8221;left&#8221; background_image_as_pattern=&#8221;without_pattern&#8221; z_index=&#8221;&#8221;][vc_column][vc_empty_space][vc_column_text]<\/p>\n<h1 style=\"line-height: 40px; text-align: center;\"><span style=\"color: #808080;\"><strong>Nossos Planos SIP Trunk<br \/>\n<\/strong><\/span><\/h1>\n<p>[\/vc_column_text][vc_separator css_animation=&#8221;fadeInLeft&#8221; type=&#8221;normal&#8221; color=&#8221;#009c36&#8243;][vc_empty_space][\/vc_column][\/vc_row][vc_row css_animation=&#8221;&#8221; row_type=&#8221;row&#8221; use_row_as_full_screen_section=&#8221;no&#8221; type=&#8221;grid&#8221; angled_section=&#8221;no&#8221; text_align=&#8221;center&#8221; background_image_as_pattern=&#8221;without_pattern&#8221; z_index=&#8221;&#8221; css=&#8221;.vc_custom_1715711205804{margin-bottom: 10px !important;}&#8221;][vc_column width=&#8221;1\/6&#8243; el_class=&#8221;coluna-planos1&#8243; css=&#8221;.vc_custom_1715778636865{margin-left: -30px !important;padding-right: 5% !important;padding-left: 5% !important;background-color: #ffffff !important;border-radius: 15px !important;}&#8221;][vc_row_inner row_type=&#8221;row&#8221; type=&#8221;full_width&#8221; text_align=&#8221;left&#8221; css_animation=&#8221;&#8221;][vc_column_inner][vc_column_text]<\/p>\n<h3 style=\"text-align: center; font-size: 40px;\"><strong><span style=\"color: #009c36;\">I<\/span><\/strong><\/h3>\n<p>[\/vc_column_text][vc_column_text css=&#8221;.vc_custom_1715711274314{margin-top: 20px !important;}&#8221;]<\/p>\n<h4 style=\"text-align: center;\">R$<\/h4>\n<h3 style=\"text-align: center;\"><strong><span style=\"color: #009c36;\">99,99<\/span><\/strong><\/h3>\n<p>[\/vc_column_text][\/vc_column_inner][\/vc_row_inner][vc_row_inner row_type=&#8221;row&#8221; type=&#8221;full_width&#8221; text_align=&#8221;left&#8221; css_animation=&#8221;&#8221;][vc_column_inner][vc_column_text]<strong><span style=\"display: flex; align-items: center;\">\u00a0<\/span><\/strong><\/p>\n<ul>\n<li style=\"list-style-type: none;\">\n<ul>\n<li style=\"list-style-type: none;\">\n<ul>\n<li style=\"list-style-type: none;\">\n<ul>\n<li style=\"text-align: left; list-style-type: none; margin-top: 16px;\"><strong><span style=\"display: flex; align-items: center;\"><img decoding=\"async\" style=\"width: 40px; height: 40px; margin-right: 6px;\" src=\"https:\/\/brasillike.com.br\/campanha\/wp-content\/uploads\/sites\/7\/2023\/12\/check-1.png\" \/><\/span><\/strong><span style=\"display: flex; align-items: center;\"><strong>1 DID<\/strong><\/span><\/li>\n<li style=\"text-align: left; list-style-type: none; margin-top: 16px;\"><strong><span style=\"display: flex; align-items: center;\"><img decoding=\"async\" style=\"width: 40px; height: 40px; margin-right: 6px;\" src=\"https:\/\/brasillike.com.br\/campanha\/wp-content\/uploads\/sites\/7\/2023\/12\/check-1.png\" \/><\/span><\/strong><span style=\"display: flex; align-items: center;\"><strong>1 Canal Ilimitado out<\/strong><\/span><\/li>\n<li style=\"text-align: left; list-style-type: none; margin-top: 16px;\"><strong><span style=\"display: flex; align-items: center;\"><img decoding=\"async\" style=\"width: 40px; height: 40px; margin-right: 6px;\" src=\"https:\/\/brasillike.com.br\/campanha\/wp-content\/uploads\/sites\/7\/2023\/12\/check-1.png\" \/><\/span><\/strong><span style=\"display: flex; align-items: center;\"><strong>5 Canais in<\/strong><\/span><\/li>\n<\/ul>\n<\/li>\n<\/ul>\n<\/li>\n<\/ul>\n<\/li>\n<\/ul>\n<p>[\/vc_column_text][\/vc_column_inner][\/vc_row_inner][vc_empty_space]<a  itemprop=\"url\" href=\"https:\/\/brasillike.com.br\/sao-goncalo-do-sapucai\/assine-ja\/\" target=\"_self\"  class=\"qbutton  small default\" style=\"\">Saiba Mais!<\/a>[vc_empty_space height=&#8221;10px&#8221;][vc_column_text]<\/p>\n<p style=\"font-size: 11px; text-align: center;\">*Valores para fidelidade de 36 meses<\/p>\n<p>[\/vc_column_text][vc_empty_space][\/vc_column][vc_column width=&#8221;1\/6&#8243; el_class=&#8221;coluna-planos2&#8243; css=&#8221;.vc_custom_1715778643194{margin-left: -15px !important;padding-right: 5% !important;padding-left: 5% !important;background-color: #ffffff !important;border-radius: 15px !important;}&#8221;][vc_row_inner row_type=&#8221;row&#8221; type=&#8221;full_width&#8221; text_align=&#8221;left&#8221; css_animation=&#8221;&#8221;][vc_column_inner][vc_column_text]<\/p>\n<h3 style=\"text-align: center; font-size: 40px;\"><strong><span style=\"color: #009c36;\">II<\/span><\/strong><\/h3>\n<p>[\/vc_column_text][vc_column_text css=&#8221;.vc_custom_1715711282394{margin-top: 20px !important;}&#8221;]<\/p>\n<h4 style=\"text-align: center;\">R$<\/h4>\n<h3 style=\"text-align: center;\"><strong><span style=\"color: #009c36;\">149,99<br \/>\n<\/span><\/strong><\/h3>\n<p>[\/vc_column_text][\/vc_column_inner][\/vc_row_inner][vc_row_inner row_type=&#8221;row&#8221; type=&#8221;full_width&#8221; text_align=&#8221;left&#8221; css_animation=&#8221;&#8221;][vc_column_inner][vc_column_text]<strong><span style=\"display: flex; align-items: center;\">\u00a0<\/span><\/strong><\/p>\n<ul>\n<li style=\"list-style-type: none;\">\n<ul>\n<li style=\"list-style-type: none;\">\n<ul>\n<li style=\"list-style-type: none;\">\n<ul>\n<li style=\"text-align: left; list-style-type: none; margin-top: 16px;\"><strong><span style=\"display: flex; align-items: center;\"><img decoding=\"async\" style=\"width: 40px; height: 40px; margin-right: 6px;\" src=\"https:\/\/brasillike.com.br\/campanha\/wp-content\/uploads\/sites\/7\/2023\/12\/check-1.png\" \/><\/span><\/strong><span style=\"display: flex; align-items: center;\"><strong>1 DID<\/strong><\/span><\/li>\n<li style=\"text-align: left; list-style-type: none; margin-top: 16px;\"><strong><span style=\"display: flex; align-items: center;\"><img decoding=\"async\" style=\"width: 40px; height: 40px; margin-right: 6px;\" src=\"https:\/\/brasillike.com.br\/campanha\/wp-content\/uploads\/sites\/7\/2023\/12\/check-1.png\" \/><\/span><\/strong><span style=\"display: flex; align-items: center;\"><strong>2 Canais Ilimitados out<\/strong><\/span><\/li>\n<li style=\"text-align: left; list-style-type: none; margin-top: 16px;\"><strong><span style=\"display: flex; align-items: center;\"><img decoding=\"async\" style=\"width: 40px; height: 40px; margin-right: 6px;\" src=\"https:\/\/brasillike.com.br\/campanha\/wp-content\/uploads\/sites\/7\/2023\/12\/check-1.png\" \/><\/span><\/strong><span style=\"display: flex; align-items: center;\"><strong>5 Canais in<\/strong><\/span><\/li>\n<\/ul>\n<\/li>\n<\/ul>\n<\/li>\n<\/ul>\n<\/li>\n<\/ul>\n<p>[\/vc_column_text][\/vc_column_inner][\/vc_row_inner][vc_empty_space]<a  itemprop=\"url\" href=\"https:\/\/brasillike.com.br\/sao-goncalo-do-sapucai\/assine-ja\/\" target=\"_self\"  class=\"qbutton  small default\" style=\"\">Saiba Mais!<\/a>[vc_empty_space height=&#8221;10px&#8221;][vc_column_text]<\/p>\n<p style=\"font-size: 11px; text-align: center;\">*Valores para fidelidade de 36 meses<\/p>\n<p>[\/vc_column_text][vc_empty_space][\/vc_column][vc_column width=&#8221;1\/6&#8243; el_class=&#8221;coluna-planos3&#8243; css=&#8221;.vc_custom_1715710098716{margin-right: 20px !important;padding-right: 5% !important;padding-left: 5% !important;background-color: #ffffff !important;border-radius: 15px !important;}&#8221;][vc_row_inner row_type=&#8221;row&#8221; type=&#8221;full_width&#8221; text_align=&#8221;left&#8221; css_animation=&#8221;&#8221;][vc_column_inner][vc_column_text]<\/p>\n<h3 style=\"text-align: center; font-size: 40px;\"><strong><span style=\"color: #009c36;\">III<\/span><\/strong><\/h3>\n<p>[\/vc_column_text][vc_column_text css=&#8221;.vc_custom_1715711289175{margin-top: 20px !important;}&#8221;]<\/p>\n<h4 style=\"text-align: center;\">R$<\/h4>\n<h3 style=\"text-align: center;\"><strong><span style=\"color: #009c36;\">399,99<\/span><\/strong><\/h3>\n<p>[\/vc_column_text][\/vc_column_inner][\/vc_row_inner][vc_row_inner row_type=&#8221;row&#8221; type=&#8221;full_width&#8221; text_align=&#8221;left&#8221; css_animation=&#8221;&#8221;][vc_column_inner][vc_column_text]<strong><span style=\"display: flex; align-items: center;\">\u00a0<\/span><\/strong><\/p>\n<ul>\n<li style=\"list-style-type: none;\">\n<ul>\n<li style=\"list-style-type: none;\">\n<ul>\n<li style=\"list-style-type: none;\">\n<ul>\n<li style=\"text-align: left; list-style-type: none; margin-top: 16px;\"><strong><span style=\"display: flex; align-items: center;\"><img decoding=\"async\" style=\"width: 40px; height: 40px; margin-right: 6px;\" src=\"https:\/\/brasillike.com.br\/campanha\/wp-content\/uploads\/sites\/7\/2023\/12\/check-1.png\" \/><\/span><\/strong><span style=\"display: flex; align-items: center;\"><strong>1 DID<\/strong><\/span><\/li>\n<li style=\"text-align: left; list-style-type: none; margin-top: 16px;\"><strong><span style=\"display: flex; align-items: center;\"><img decoding=\"async\" style=\"width: 40px; height: 40px; margin-right: 6px;\" src=\"https:\/\/brasillike.com.br\/campanha\/wp-content\/uploads\/sites\/7\/2023\/12\/check-1.png\" \/><\/span><\/strong><span style=\"display: flex; align-items: center;\"><strong>5 Canais Ilimitados out<\/strong><\/span><\/li>\n<li style=\"text-align: left; list-style-type: none; margin-top: 16px;\"><strong><span style=\"display: flex; align-items: center;\"><img decoding=\"async\" style=\"width: 40px; height: 40px; margin-right: 6px;\" src=\"https:\/\/brasillike.com.br\/campanha\/wp-content\/uploads\/sites\/7\/2023\/12\/check-1.png\" \/><\/span><\/strong><span style=\"display: flex; align-items: center;\"><strong>5 Canais in<\/strong><\/span><\/li>\n<\/ul>\n<\/li>\n<\/ul>\n<\/li>\n<\/ul>\n<\/li>\n<\/ul>\n<p>[\/vc_column_text][\/vc_column_inner][\/vc_row_inner][vc_empty_space]<a  itemprop=\"url\" href=\"https:\/\/brasillike.com.br\/sao-goncalo-do-sapucai\/assine-ja\/\" target=\"_self\"  class=\"qbutton  small default\" style=\"\">Saiba Mais!<\/a>[vc_empty_space height=&#8221;10px&#8221;][vc_column_text]<\/p>\n<p style=\"font-size: 11px; text-align: center;\">*Valores para fidelidade de 36 meses<\/p>\n<p>[\/vc_column_text][vc_empty_space][\/vc_column][vc_column width=&#8221;1\/6&#8243; el_class=&#8221;coluna-planos4&#8243; css=&#8221;.vc_custom_1715778648843{margin-right: 40px !important;margin-left: 15px !important;padding-right: 5% !important;padding-left: 5% !important;background-color: #ffffff !important;border-radius: 15px !important;}&#8221;][vc_row_inner row_type=&#8221;row&#8221; type=&#8221;full_width&#8221; text_align=&#8221;left&#8221; css_animation=&#8221;&#8221;][vc_column_inner][vc_column_text]<\/p>\n<h3 style=\"text-align: center; font-size: 40px;\"><strong><span style=\"color: #009c36;\">IV<\/span><\/strong><\/h3>\n<p>[\/vc_column_text][vc_column_text css=&#8221;.vc_custom_1715711296638{margin-top: 20px !important;}&#8221;]<\/p>\n<h4 style=\"text-align: center;\">R$<\/h4>\n<h3 style=\"text-align: center;\"><strong><span style=\"color: #009c36;\">699,99<\/span><\/strong><\/h3>\n<p>[\/vc_column_text][\/vc_column_inner][\/vc_row_inner][vc_empty_space height=&#8221;25px&#8221;][vc_row_inner row_type=&#8221;row&#8221; type=&#8221;full_width&#8221; text_align=&#8221;left&#8221; css_animation=&#8221;&#8221;][vc_column_inner][vc_column_text]<\/p>\n<ul>\n<li style=\"list-style-type: none;\">\n<ul>\n<li style=\"list-style-type: none;\">\n<ul>\n<li style=\"list-style-type: none;\">\n<ul>\n<li style=\"text-align: left; list-style-type: none; margin-top: 16px;\"><strong><span style=\"display: flex; align-items: center;\"><img decoding=\"async\" style=\"width: 40px; height: 40px; margin-right: 6px;\" src=\"https:\/\/brasillike.com.br\/campanha\/wp-content\/uploads\/sites\/7\/2023\/12\/check-1.png\" \/><\/span><\/strong><span style=\"display: flex; align-items: center;\"><strong>2 DID&#8217;s<\/strong><\/span><\/li>\n<li style=\"text-align: left; list-style-type: none; margin-top: 16px;\"><strong><span style=\"display: flex; align-items: center;\"><img decoding=\"async\" style=\"width: 40px; height: 40px; margin-right: 6px;\" src=\"https:\/\/brasillike.com.br\/campanha\/wp-content\/uploads\/sites\/7\/2023\/12\/check-1.png\" \/><\/span><\/strong><span style=\"display: flex; align-items: center;\"><strong>10 Canal Ilimitado out<\/strong><\/span><\/li>\n<li style=\"text-align: left; list-style-type: none; margin-top: 16px;\"><strong><span style=\"display: flex; align-items: center;\"><img decoding=\"async\" style=\"width: 40px; height: 40px; margin-right: 6px;\" src=\"https:\/\/brasillike.com.br\/campanha\/wp-content\/uploads\/sites\/7\/2023\/12\/check-1.png\" \/><\/span><\/strong><span style=\"display: flex; align-items: center;\"><strong>10 Canais in<\/strong><\/span><\/li>\n<\/ul>\n<\/li>\n<\/ul>\n<\/li>\n<\/ul>\n<\/li>\n<\/ul>\n<p>[\/vc_column_text][\/vc_column_inner][\/vc_row_inner][vc_empty_space]<a  itemprop=\"url\" href=\"https:\/\/brasillike.com.br\/sao-goncalo-do-sapucai\/assine-ja\/\" target=\"_self\"  class=\"qbutton  small default\" style=\"\">Saiba Mais!<\/a>[vc_empty_space height=&#8221;10px&#8221;][vc_column_text]<\/p>\n<p style=\"font-size: 11px; text-align: center;\">*Valores para fidelidade de 36 meses<\/p>\n<p>[\/vc_column_text][vc_empty_space][\/vc_column][vc_column width=&#8221;1\/6&#8243; el_class=&#8221;coluna-planos5&#8243; css=&#8221;.vc_custom_1715778655031{margin-right: 50px !important;margin-left: 30px !important;padding-right: 5% !important;padding-left: 5% !important;background-color: #ffffff !important;border-radius: 15px !important;}&#8221;][vc_row_inner row_type=&#8221;row&#8221; type=&#8221;full_width&#8221; text_align=&#8221;left&#8221; css_animation=&#8221;&#8221;][vc_column_inner][vc_column_text]<\/p>\n<h3 style=\"text-align: center; font-size: 40px;\"><strong><span style=\"color: #009c36;\">V<\/span><\/strong><\/h3>\n<p>[\/vc_column_text][vc_column_text css=&#8221;.vc_custom_1715711306879{margin-top: 20px !important;}&#8221;]<\/p>\n<h4 style=\"text-align: center;\">R$<\/h4>\n<h3 style=\"text-align: center;\"><strong><span style=\"color: #009c36;\">1.599,99<\/span><\/strong><\/h3>\n<p>[\/vc_column_text][\/vc_column_inner][\/vc_row_inner][vc_empty_space height=&#8221;25px&#8221;][vc_row_inner row_type=&#8221;row&#8221; type=&#8221;full_width&#8221; text_align=&#8221;left&#8221; css_animation=&#8221;&#8221;][vc_column_inner][vc_column_text]<\/p>\n<ul>\n<li style=\"list-style-type: none;\">\n<ul>\n<li style=\"list-style-type: none;\">\n<ul>\n<li style=\"list-style-type: none;\">\n<ul>\n<li style=\"text-align: left; list-style-type: none; margin-top: 16px;\"><strong><span style=\"display: flex; align-items: center;\"><img decoding=\"async\" style=\"width: 40px; height: 40px; margin-right: 6px;\" src=\"https:\/\/brasillike.com.br\/campanha\/wp-content\/uploads\/sites\/7\/2023\/12\/check-1.png\" \/><\/span><\/strong><span style=\"display: flex; align-items: center;\"><strong>3 DID&#8217;s<\/strong><\/span><\/li>\n<li style=\"text-align: left; list-style-type: none; margin-top: 16px;\"><strong><span style=\"display: flex; align-items: center;\"><img decoding=\"async\" style=\"width: 40px; height: 40px; margin-right: 6px;\" src=\"https:\/\/brasillike.com.br\/campanha\/wp-content\/uploads\/sites\/7\/2023\/12\/check-1.png\" \/><\/span><\/strong><span style=\"display: flex; align-items: center;\"><strong>25 Canal Ilimitado out<\/strong><\/span><\/li>\n<li style=\"text-align: left; list-style-type: none; margin-top: 16px;\"><strong><span style=\"display: flex; align-items: center;\"><img decoding=\"async\" style=\"width: 40px; height: 40px; margin-right: 6px;\" src=\"https:\/\/brasillike.com.br\/campanha\/wp-content\/uploads\/sites\/7\/2023\/12\/check-1.png\" \/><\/span><\/strong><span style=\"display: flex; align-items: center;\"><strong>15 Canais in<\/strong><\/span><\/li>\n<\/ul>\n<\/li>\n<\/ul>\n<\/li>\n<\/ul>\n<\/li>\n<\/ul>\n<p>[\/vc_column_text][\/vc_column_inner][\/vc_row_inner][vc_empty_space]<a  itemprop=\"url\" href=\"https:\/\/brasillike.com.br\/sao-goncalo-do-sapucai\/assine-ja\/\" target=\"_self\"  class=\"qbutton  small default\" style=\"\">Saiba Mais!<\/a>[vc_empty_space height=&#8221;10px&#8221;][vc_column_text]<\/p>\n<p style=\"font-size: 11px; text-align: center;\">*Valores para fidelidade de 36 meses<\/p>\n<p>[\/vc_column_text][vc_empty_space][\/vc_column][vc_column width=&#8221;1\/6&#8243; el_class=&#8221;coluna-planos6&#8243; css=&#8221;.vc_custom_1715778661698{margin-left: 50px !important;padding-right: 5% !important;padding-left: 5% !important;background-color: #ffffff !important;border-radius: 15px !important;}&#8221;][vc_row_inner row_type=&#8221;row&#8221; type=&#8221;full_width&#8221; text_align=&#8221;left&#8221; css_animation=&#8221;&#8221;][vc_column_inner][vc_column_text]<\/p>\n<h3 style=\"text-align: center; font-size: 40px;\"><strong><span style=\"color: #009c36;\">VI<\/span><\/strong><\/h3>\n<p>[\/vc_column_text][vc_column_text css=&#8221;.vc_custom_1715711317376{margin-top: 20px !important;}&#8221;]<\/p>\n<h4 style=\"text-align: center;\">R$<\/h4>\n<h3 style=\"text-align: center;\"><strong><span style=\"color: #009c36;\">2.999,99<\/span><\/strong><\/h3>\n<p>[\/vc_column_text][\/vc_column_inner][\/vc_row_inner][vc_empty_space height=&#8221;25px&#8221;][vc_row_inner row_type=&#8221;row&#8221; type=&#8221;full_width&#8221; text_align=&#8221;left&#8221; css_animation=&#8221;&#8221;][vc_column_inner][vc_column_text]<\/p>\n<ul>\n<li style=\"list-style-type: none;\">\n<ul>\n<li style=\"list-style-type: none;\">\n<ul>\n<li style=\"list-style-type: none;\">\n<ul>\n<li style=\"text-align: left; list-style-type: none; margin-top: 16px;\"><strong><span style=\"display: flex; align-items: center;\"><img decoding=\"async\" style=\"width: 40px; height: 40px; margin-right: 6px;\" src=\"https:\/\/brasillike.com.br\/campanha\/wp-content\/uploads\/sites\/7\/2023\/12\/check-1.png\" \/><\/span><\/strong><span style=\"display: flex; align-items: center;\"><strong>4 DID&#8217;s<\/strong><\/span><\/li>\n<li style=\"text-align: left; list-style-type: none; margin-top: 16px;\"><strong><span style=\"display: flex; align-items: center;\"><img decoding=\"async\" style=\"width: 40px; height: 40px; margin-right: 6px;\" src=\"https:\/\/brasillike.com.br\/campanha\/wp-content\/uploads\/sites\/7\/2023\/12\/check-1.png\" \/><\/span><\/strong><span style=\"display: flex; align-items: center;\"><strong>50 Canal Ilimitado out<\/strong><\/span><\/li>\n<li style=\"text-align: left; list-style-type: none; margin-top: 16px;\"><strong><span style=\"display: flex; align-items: center;\"><img decoding=\"async\" style=\"width: 40px; height: 40px; margin-right: 6px;\" src=\"https:\/\/brasillike.com.br\/campanha\/wp-content\/uploads\/sites\/7\/2023\/12\/check-1.png\" \/><\/span><\/strong><span style=\"display: flex; align-items: center;\"><strong>20 Canais in<\/strong><\/span><\/li>\n<\/ul>\n<\/li>\n<\/ul>\n<\/li>\n<\/ul>\n<\/li>\n<\/ul>\n<p>[\/vc_column_text][\/vc_column_inner][\/vc_row_inner][vc_empty_space]<a  itemprop=\"url\" href=\"https:\/\/brasillike.com.br\/sao-goncalo-do-sapucai\/assine-ja\/\" target=\"_self\"  class=\"qbutton  small default\" style=\"\">Saiba Mais!<\/a>[vc_empty_space height=&#8221;10px&#8221;][vc_column_text]<\/p>\n<p style=\"font-size: 11px; text-align: center;\">*Valores para fidelidade de 36 meses<\/p>\n<p>[\/vc_column_text][vc_empty_space][\/vc_column][\/vc_row][vc_row css_animation=&#8221;&#8221; row_type=&#8221;row&#8221; use_row_as_full_screen_section=&#8221;no&#8221; type=&#8221;full_width&#8221; angled_section=&#8221;no&#8221; text_align=&#8221;center&#8221; background_image_as_pattern=&#8221;without_pattern&#8221; css=&#8221;.vc_custom_1683759538680{padding-right: 0px !important;padding-left: 0px !important;}&#8221; z_index=&#8221;&#8221;][vc_column][vc_row_inner row_type=&#8221;row&#8221; type=&#8221;full_width&#8221; text_align=&#8221;left&#8221; css_animation=&#8221;&#8221; css=&#8221;.vc_custom_1683759485485{padding-right: 0px !important;padding-left: 0px !important;}&#8221;][vc_column_inner width=&#8221;1\/2&#8243; css=&#8221;.vc_custom_1683759497476{padding-right: 0px !important;padding-left: 0px !important;}&#8221;][vc_empty_space][vc_single_image image=&#8221;768&#8243; img_size=&#8221;full&#8221; alignment=&#8221;center&#8221; style=&#8221;vc_box_rounded&#8221; qode_css_animation=&#8221;element_from_left&#8221;][\/vc_column_inner][vc_column_inner width=&#8221;1\/2&#8243; css=&#8221;.vc_custom_1683759504226{padding-right: 0px !important;padding-left: 0px !important;}&#8221;][vc_empty_space][vc_single_image image=&#8221;1278&#8243; img_size=&#8221;full&#8221; alignment=&#8221;center&#8221; style=&#8221;vc_box_rounded&#8221; qode_css_animation=&#8221;element_from_left&#8221;][\/vc_column_inner][\/vc_row_inner][\/vc_column][\/vc_row][vc_row css_animation=&#8221;&#8221; row_type=&#8221;row&#8221; use_row_as_full_screen_section=&#8221;no&#8221; type=&#8221;full_width&#8221; angled_section=&#8221;no&#8221; text_align=&#8221;left&#8221; background_image_as_pattern=&#8221;without_pattern&#8221;][vc_column][vc_column_text]<\/p>\n<p>[\/vc_column_text][\/vc_column][\/vc_row]<\/p>\n<\/section>","protected":false},"excerpt":{"rendered":"<p>[vc_row css_animation=&#8221;&#8221; row_type=&#8221;row&#8221; use_row_as_full_screen_section=&#8221;no&#8221; type=&#8221;full_width&#8221; angled_section=&#8221;no&#8221; text_align=&#8221;left&#8221; background_image_as_pattern=&#8221;without_pattern&#8221;][vc_column css=&#8221;.vc_custom_1683855227646{margin-top: -32px !important;}&#8221;][vc_raw_html]JTNDdmlkZW8lMjBhdXRvcGxheSUzRCUyMnRydWUlMjIlMjBsb29wJTNEJTIydHJ1ZSUyMiUyMG11dGVkJTNEJTIydHJ1ZSUyMiUyMHdpZHRoJTNEJTIyMTAwJTI1JTIyJTIwaGVpZ2h0JTNEJTIyMjUlMjUlMjIlMjBwbGF5c2lubGluZSUzRCUyMiUyMiUzRSUwQSUzQ3NvdXJjZSUyMHNyYyUzRCUyMmh0dHAlM0ElMkYlMkZicmFzaWxsaWtlLmNvbS5iciUyRmNhbXBhbmhhJTJGd3AtY29udGVudCUyRnVwbG9hZHMlMkZzaXRlcyUyRjclMkYyMDI0JTJGMDUlMkYxNzE1MDg3MDY4X2ZhMDRkY190ZWxlZm9uaWFfZW1wcmVzYXJpYWwubXA0JTIyJTIwdHlwZSUzRCUyMnZpZGVvJTJGbXA0JTIyJTNFJTBBJTNDJTJGdmlkZW8lM0U=[\/vc_raw_html][\/vc_column][\/vc_row][vc_row css_animation=&#8221;&#8221; row_type=&#8221;row&#8221; use_row_as_full_screen_section=&#8221;no&#8221; type=&#8221;full_width&#8221; angled_section=&#8221;no&#8221; text_align=&#8221;center&#8221; background_image_as_pattern=&#8221;without_pattern&#8221; z_index=&#8221;&#8221;][vc_column width=&#8221;1\/3&#8243;][\/vc_column][vc_column width=&#8221;1\/3&#8243; el_class=&#8221;coluna-planos&#8221; css=&#8221;.vc_custom_1676388423781{padding-right: 5% !important;padding-left: 5% !important;background-color: #ffffff !important;border-radius: 15px !important;}&#8221;][vc_column_text] Liga\u00e7\u00e3o Ilimitada para fixo e m\u00f3vel Para todo o Brasil [\/vc_column_text][vc_column_text] R$ 109,90* [\/vc_column_text][vc_column_text]&#8230;<\/p>\n","protected":false},"author":1,"featured_media":0,"parent":0,"menu_order":0,"comment_status":"closed","ping_status":"closed","template":"full_width.php","meta":{"_joinchat":[],"footnotes":""},"class_list":["post-1361","page","type-page","status-publish","hentry"],"_links":{"self":[{"href":"https:\/\/brasillike.com.br\/sao-goncalo-do-sapucai\/wp-json\/wp\/v2\/pages\/1361","targetHints":{"allow":["GET"]}}],"collection":[{"href":"https:\/\/brasillike.com.br\/sao-goncalo-do-sapucai\/wp-json\/wp\/v2\/pages"}],"about":[{"href":"https:\/\/brasillike.com.br\/sao-goncalo-do-sapucai\/wp-json\/wp\/v2\/types\/page"}],"author":[{"embeddable":true,"href":"https:\/\/brasillike.com.br\/sao-goncalo-do-sapucai\/wp-json\/wp\/v2\/users\/1"}],"replies":[{"embeddable":true,"href":"https:\/\/brasillike.com.br\/sao-goncalo-do-sapucai\/wp-json\/wp\/v2\/comments?post=1361"}],"version-history":[{"count":15,"href":"https:\/\/brasillike.com.br\/sao-goncalo-do-sapucai\/wp-json\/wp\/v2\/pages\/1361\/revisions"}],"predecessor-version":[{"id":1502,"href":"https:\/\/brasillike.com.br\/sao-goncalo-do-sapucai\/wp-json\/wp\/v2\/pages\/1361\/revisions\/1502"}],"wp:attachment":[{"href":"https:\/\/brasillike.com.br\/sao-goncalo-do-sapucai\/wp-json\/wp\/v2\/media?parent=1361"}],"curies":[{"name":"wp","href":"https:\/\/api.w.org\/{rel}","templated":true}]}}